4536697381 a composite number?
True
Is 115643256073 prime?
False
Is 9015785995 prime?
False
Is 1590006386 a prime number?
False
Is 20707523677 a composite number?
False
Is 6320219 prime?
True
Is 88796203 a composite number?
False
Is 33910062878 prime?
False
Is 172742771 a composite number?
False
Is 528639919 prime?
False
Is 39956029783 a composite number?
False
Is 2880880237 composite?
True
Is 11780208227 composite?
True
Is 5586321731 composite?
False
Is 54316488667 composite?
True
Is 16870562083 a prime number?
True
Is 30546851243 prime?
False
Is 82330107077 composite?
False
Is 421380142 a composite number?
True
Is 26263948951 a composite number?
True
Is 2511955133 prime?
True
Is 7437200891 a composite number?
False
Is 16577779429 a composite number?
False
Is 286450519 a prime number?
False
Is 13389010363 a prime number?
True
Is 55888854533 a composite number?
True
Is 3902512249 a prime number?
False
Is 1762774543 prime?
True
Is 4396196591 a prime number?
False
Is 53061339041 composite?
True
Is 3424057717 a composite number?
False
Is 1123490027 a composite number?
True
Is 23856051913 composite?
False
Is 13728350591 a prime number?
True
Is 1872623483 prime?
False
Is 63991830395 a composite number?
True
Is 1204612391 a prime number?
True
Is 6763171531 prime?
True
Is 7224507677 composite?
False
Is 2070049199 composite?
False
Is 1085898109 prime?
True
Is 34280846093 prime?
False
Is 16837380458 a composite number?
True
Is 48010143963 composite?
True
Is 18303286459 prime?
False
Is 5982139393 a composite number?
False
Is 146817771739 a prime number?
True
Is 1509100765 prime?
False
Is 26681657897 a composite number?
False
Is 4663655261 a composite number?
True
Is 15317602601 a composite number?
True
Is 206717591 a composite number?
True
Is 2819196147 prime?
False
Is 32503453757 a composite number?
True
Is 445368653 composite?
True
Is 1312784839 prime?
True
Is 4207820609 prime?
False
Is 42417243551 prime?
False
Is 2318644931 prime?
True
Is 57123405481 composite?
True
Is 209234287 composite?
False
Is 2310011359 composite?
False
Is 1824641711 a composite number?
False
Is 311265654803 prime?
True
Is 2650844591 a composite number?
True
Is 1254687653 prime?
False
Is 617391761 a prime number?
False
Is 50246100739 prime?
True
Is 2465309221 composite?
True
Is 28707551021 prime?
True
Is 31083815381 prime?
False
Is 149752585297 a prime number?
False
Is 16507380119 a composite number?
True
Is 14244913723 a prime number?
False
Is 124073619251 prime?
True
Is 188599526737 a composite number?
True
Is 136647661 a composite number?
False
Is 211372859 a composite number?
False
Is 34095125971 a composite number?
True
Is 360774727 a composite number?
True
Is 1068239573 a prime number?
True
Is 3010288409 composite?
False
Is 16574861 prime?
True
Is 677476159 composite?
True
Is 50887975829 a composite number?
False
Is 27270439453 a prime number?
False
Is 4190591441 composite?
True
Is 1850518583 prime?
False
Is 2317824191 a prime number?
False
Is 306157432153 composite?
False
Is 454704487 composite?
True
Is 3766295759 a prime number?
True
Is 10330539331 a prime number?
False
Is 45041497 composite?
True
Is 10472999567 prime?
False
Is 643645129 composite?
False
Is 12097758493 composite?
False
Is 66457967239 a composite number?
False
Is 5185589 a prime number?
True
Is 209538587 a composite number?
False
Is 97496579 composite?
True
Is 19822223846 a composite number?
True
Is 4263548537 a prime number?
False
Is 250298940007 a composite number?
True
Is 30724946537 prime?
False
Is 75041714697 composite?
True
Is 70849520713 composite?
True
Is 20457875647 composite?
True
Is 1127784353 prime?
False
Is 47848369 a composite number?
False
Is 4481546327 a prime number?
True
Is 25354291981 a composite number?
True
Is 1114973377 a prime number?
False
Is 2298137983 composite?
False
Is 165686092441 a composite number?
False
Is 13236236777 a composite number?
False
Is 282997733 prime?
True
Is 6474302011 composite?
False
Is 17910886781 a prime number?
False
Is 34307499631 a prime number?
False
Is 278115881 composite?
False
Is 14897128627 a prime number?
True
Is 4615593767 a prime number?
False
Is 86678097647 a composite number?
False
Is 9260906471 a prime number?
False
Is 245215954898 composite?
True
Is 1453722271 a composite number?
False
Is 34333682167 prime?
False
Is 7550857187 composite?
True
Is 11776623451 composite?
True
Is 2594241971 composite?
False
Is 126924251 a prime number?
True
Is 16616534747 a prime number?
True
Is 721994201 a composite number?
False
Is 27283987 a composite number?
False
Is 2063701061 a prime number?
True
Is 14087623453 composite?
True
Is 3379526263 composite?
False
Is 23593601 a composite number?
True
Is 53852069419 prime?
False
Is 26864730121 composite?
False
Is 119750165891 a prime number?
False
Is 187094943677 a composite number?
False
Is 1859098511 a composite number?
False
Is 2845729582 prime?
False
Is 23299166669 composite?
True
Is 69929159 composite?
False
Is 11984817703 a composite number?
False
Is 4360615331 prime?
True
Is 223803625141 composite?
True
Is 7512260663 a prime number?
True
Is 46119259 a composite number?
False
Is 54219915661 a prime number?
False
Is 917713166 a composite number?
True
Is 1137368549 composite?
False
Is 99188065843 a prime number?
False
Is 6747912953 prime?
True
Is 4604861459 prime?
False
Is 3419321053 prime?
False
Is 899352523 prime?
True
Is 13041082321 composite?
True
Is 162861217 a composite number?
True
Is 9334147807 composite?
True
Is 290023420421 prime?
False
Is 165696997031 a prime number?
True
Is 17417703533 composite?
True
Is 479805503 a composite number?
True
Is 7557676163 prime?
True
Is 152403714219 a prime number?
False
Is 1485916529 composite?
True
Is 9681282509 a composite number?
False
Is 1138388957 a prime number?
False
Is 8605758899 composite?
True
Is 4471858511 a composite number?
True
Is 406014613 composite?
True
Is 121652662601 composite?
False
Is 11743127759 composite?
True
Is 123649913759 composite?
False
Is 198087092813 prime?
True
Is 12752222069 composite?
False
Is 686925743 composite?
True
Is 7221013069 a prime number?
False
Is 295741601 prime?
False
Is 367737779429 prime?
True
Is 780195813 a prime number?
False
Is 102533881 a prime number?
True
Is 287678761 a prime number?
True
Is 190612469 a composite number?
True
Is 13599453533 a prime number?
True
Is 1064592031 a composite number?
False
Is 29520063407 a composite number?
True
Is 2448506807 a prime number?
True
Is 17241600269 a composite number?
False
Is 16978025089 a composite number?
True
Is 8979676813 a prime number?
False
Is 23776228639 a composite number?
True
Is 1419744719 prime?
False
Is 154531812449 prime?
False
Is 984822551 composite?
False
Is 122452012873 a prime number?
True
Is 8929186813 a prime number?
True
Is 96394080829 composite?
False
Is 36870482557 composite?
True
Is 373062373 a composite number?
True
Is 1624649327 a composite number?
True
Is 1300903265 a composite number?
True
Is 2073959641 a composite number?
True
Is 193022777 prime?
False
Is 11431409849 prime?
True
Is 2170499237 prime?
False
Is 2188301789 composite?
True
Is 202996177 a composite number?
False
Is 373138001 a prime number?
True
Is 535046989 composite?
False
Is 10541733043 composite?
False
Is 2327990018 composite?
True
Is 5052439871 a composite number?
False
Is 1609516721 composite?
True
Is 56602151 prime?
True
Is 212539739 composite?
True
Is 61133154841 composite?
True
Is 5622521257 a prime number?
True
Is 179646329 a composite number?
True
Is 17825183 a composite number?
False
Is 708195491 a prime number?
True
Is 470536357 composite?
False
Is 24479587541 a prime number?
True
Is 1079912839 a composite number?
True
Is 17669414141 a composite number?
False
Is 251503241 prime?
False
Is 234025849 prime?
True
Is 135173449 a prime number?
False
Is 87894100607 a prime number?
True
Is 1150662353 composite?
False
Is 917935679 prime?
True
Is 165225829 composite?
True
Is 123545616563 a prime number?
True
Is 109893659 prime?
False
Is 1311231761 a composite number?
True
Is 29170246829 prime?
True
Is 1046227121 a composite number?
False
Is 248509718935 prime?
False
Is 113238401 composite?
True
Is 208435919 a composite number?
False
Is 28967558033 prime?
False
Is 2631646942 a